{"id":29,"date":"2021-10-27T18:38:59","date_gmt":"2021-10-27T21:38:59","guid":{"rendered":"https:\/\/localhost\/ASSOF\/?page_id=29"},"modified":"2024-07-16T14:44:33","modified_gmt":"2024-07-16T17:44:33","slug":"eventos","status":"publish","type":"page","link":"https:\/\/www.assof.com.br\/ASSOF\/?page_id=29","title":{"rendered":"Conv\u00eanio ASSOF-SESC"},"content":{"rendered":"\n<p class=\"has-text-align-center\"><strong>CONV\u00caNIO ASSOF-SESC<\/strong><\/p>\n\n\n\n<p class=\"has-text-align-center\"><strong>\u00c9 com grande alegria que anunciamos uma nova parceria para os associados da ASSOF! Agora, temos o honra de contar com o SESC SENAC como nosso mais novo conv\u00eanio. Desfrute de uma ampla gama de benef\u00edcios e oportunidades nas \u00e1reas de lazer, cultura, educa\u00e7\u00e3o e muito mais. Aproveite essa parceria exclusiva e desfrute de momentos incr\u00edveis com a fam\u00edlia e amigos. Para usufruir dos benef\u00edcios conv\u00eanio o associado dever\u00e1 comparecer em uma unidade Sesc e apresentar os seguintes documentos:<\/strong><\/p>\n\n\n\n<p class=\"has-text-align-center\">      <strong>Declara\u00e7\u00e3o original da ASSOFGO;   <\/strong><\/p>\n\n\n\n<p class=\"has-text-align-center\"><strong>Carteira de Identidade;  CPF;<\/strong>  <\/p>\n\n\n\n<p class=\"has-text-align-center\"><strong>Comprovante de endere\u00e7o; <\/strong><\/p>\n\n\n\n<p class=\"has-text-align-center\"><strong>Declara\u00e7\u00e3o pelo WhatsApp 62 99657-6015 ou presencialmente na Secretaria da ASSOF. O Associado dever\u00e1 estar em dia e em situa\u00e7\u00e3o regular junto a ASSOF<\/strong>.<\/p>\n\n\n<div class=\"wp-block-image\">\n<figure class=\"aligncenter size-large\"><img loading=\"lazy\" decoding=\"async\" width=\"1024\" height=\"1024\" src=\"https:\/\/www.assof.com.br\/ASSOF\/wp-content\/uploads\/2023\/09\/WhatsApp-Image-2023-09-13-at-12.19.19-1024x1024.jpeg\" alt=\"\" class=\"wp-image-4547\" srcset=\"https:\/\/www.assof.com.br\/ASSOF\/wp-content\/uploads\/2023\/09\/WhatsApp-Image-2023-09-13-at-12.19.19-1024x1024.jpeg 1024w, https:\/\/www.assof.com.br\/ASSOF\/wp-content\/uploads\/2023\/09\/WhatsApp-Image-2023-09-13-at-12.19.19-300x300.jpeg 300w, https:\/\/www.assof.com.br\/ASSOF\/wp-content\/uploads\/2023\/09\/WhatsApp-Image-2023-09-13-at-12.19.19-150x150.jpeg 150w, https:\/\/www.assof.com.br\/ASSOF\/wp-content\/uploads\/2023\/09\/WhatsApp-Image-2023-09-13-at-12.19.19-768x768.jpeg 768w, https:\/\/www.assof.com.br\/ASSOF\/wp-content\/uploads\/2023\/09\/WhatsApp-Image-2023-09-13-at-12.19.19-1536x1536.jpeg 1536w, https:\/\/www.assof.com.br\/ASSOF\/wp-content\/uploads\/2023\/09\/WhatsApp-Image-2023-09-13-at-12.19.19.jpeg 1600w\" sizes=\"auto, (max-width: 1024px) 100vw, 1024px\" \/><\/figure>\n<\/div>\n\n<div class=\"wp-block-image\">\n<figure class=\"aligncenter size-medium is-resized\"><img loading=\"lazy\" decoding=\"async\" width=\"300\" height=\"300\" src=\"https:\/\/www.assof.com.br\/ASSOF\/wp-content\/uploads\/2023\/09\/WhatsApp-Image-2023-09-13-at-12.19.34-300x300.jpeg\" alt=\"\" class=\"wp-image-4544\" style=\"width:840px;height:auto\" srcset=\"https:\/\/www.assof.com.br\/ASSOF\/wp-content\/uploads\/2023\/09\/WhatsApp-Image-2023-09-13-at-12.19.34-300x300.jpeg 300w, https:\/\/www.assof.com.br\/ASSOF\/wp-content\/uploads\/2023\/09\/WhatsApp-Image-2023-09-13-at-12.19.34-1024x1024.jpeg 1024w, https:\/\/www.assof.com.br\/ASSOF\/wp-content\/uploads\/2023\/09\/WhatsApp-Image-2023-09-13-at-12.19.34-150x150.jpeg 150w, https:\/\/www.assof.com.br\/ASSOF\/wp-content\/uploads\/2023\/09\/WhatsApp-Image-2023-09-13-at-12.19.34-768x768.jpeg 768w, https:\/\/www.assof.com.br\/ASSOF\/wp-content\/uploads\/2023\/09\/WhatsApp-Image-2023-09-13-at-12.19.34-1536x1536.jpeg 1536w, https:\/\/www.assof.com.br\/ASSOF\/wp-content\/uploads\/2023\/09\/WhatsApp-Image-2023-09-13-at-12.19.34.jpeg 1600w\" sizes=\"auto, (max-width: 300px) 100vw, 300px\" \/><\/figure>\n<\/div>\n\n<div class=\"wp-block-image\">\n<figure class=\"aligncenter size-large\"><img loading=\"lazy\" decoding=\"async\" width=\"1024\" height=\"1024\" src=\"https:\/\/www.assof.com.br\/ASSOF\/wp-content\/uploads\/2023\/09\/WhatsApp-Image-2023-09-13-at-12.19.28-1024x1024.jpeg\" alt=\"\" class=\"wp-image-4545\" srcset=\"https:\/\/www.assof.com.br\/ASSOF\/wp-content\/uploads\/2023\/09\/WhatsApp-Image-2023-09-13-at-12.19.28-1024x1024.jpeg 1024w, https:\/\/www.assof.com.br\/ASSOF\/wp-content\/uploads\/2023\/09\/WhatsApp-Image-2023-09-13-at-12.19.28-300x300.jpeg 300w, https:\/\/www.assof.com.br\/ASSOF\/wp-content\/uploads\/2023\/09\/WhatsApp-Image-2023-09-13-at-12.19.28-150x150.jpeg 150w, https:\/\/www.assof.com.br\/ASSOF\/wp-content\/uploads\/2023\/09\/WhatsApp-Image-2023-09-13-at-12.19.28-768x768.jpeg 768w, https:\/\/www.assof.com.br\/ASSOF\/wp-content\/uploads\/2023\/09\/WhatsApp-Image-2023-09-13-at-12.19.28-1536x1536.jpeg 1536w, https:\/\/www.assof.com.br\/ASSOF\/wp-content\/uploads\/2023\/09\/WhatsApp-Image-2023-09-13-at-12.19.28.jpeg 1600w\" sizes=\"auto, (max-width: 1024px) 100vw, 1024px\" \/><\/figure>\n<\/div>\n\n<div class=\"wp-block-image\">\n<figure class=\"aligncenter size-large\"><img loading=\"lazy\" decoding=\"async\" width=\"1024\" height=\"1024\" src=\"https:\/\/www.assof.com.br\/ASSOF\/wp-content\/uploads\/2023\/09\/WhatsApp-Image-2023-09-13-at-12.19.23-1024x1024.jpeg\" alt=\"\" class=\"wp-image-4546\" srcset=\"https:\/\/www.assof.com.br\/ASSOF\/wp-content\/uploads\/2023\/09\/WhatsApp-Image-2023-09-13-at-12.19.23-1024x1024.jpeg 1024w, https:\/\/www.assof.com.br\/ASSOF\/wp-content\/uploads\/2023\/09\/WhatsApp-Image-2023-09-13-at-12.19.23-300x300.jpeg 300w, https:\/\/www.assof.com.br\/ASSOF\/wp-content\/uploads\/2023\/09\/WhatsApp-Image-2023-09-13-at-12.19.23-150x150.jpeg 150w, https:\/\/www.assof.com.br\/ASSOF\/wp-content\/uploads\/2023\/09\/WhatsApp-Image-2023-09-13-at-12.19.23-768x768.jpeg 768w, https:\/\/www.assof.com.br\/ASSOF\/wp-content\/uploads\/2023\/09\/WhatsApp-Image-2023-09-13-at-12.19.23-1536x1536.jpeg 1536w, https:\/\/www.assof.com.br\/ASSOF\/wp-content\/uploads\/2023\/09\/WhatsApp-Image-2023-09-13-at-12.19.23.jpeg 1600w\" sizes=\"auto, (max-width: 1024px) 100vw, 1024px\" \/><\/figure>\n<\/div>\n\n<div class=\"wp-block-image\">\n<figure class=\"aligncenter size-large\"><img loading=\"lazy\" decoding=\"async\" width=\"1024\" height=\"1024\" src=\"https:\/\/www.assof.com.br\/ASSOF\/wp-content\/uploads\/2023\/09\/WhatsApp-Image-2023-09-13-at-12.19.38-1024x1024.jpeg\" alt=\"\" class=\"wp-image-4543\" srcset=\"https:\/\/www.assof.com.br\/ASSOF\/wp-content\/uploads\/2023\/09\/WhatsApp-Image-2023-09-13-at-12.19.38-1024x1024.jpeg 1024w, https:\/\/www.assof.com.br\/ASSOF\/wp-content\/uploads\/2023\/09\/WhatsApp-Image-2023-09-13-at-12.19.38-300x300.jpeg 300w, https:\/\/www.assof.com.br\/ASSOF\/wp-content\/uploads\/2023\/09\/WhatsApp-Image-2023-09-13-at-12.19.38-150x150.jpeg 150w, https:\/\/www.assof.com.br\/ASSOF\/wp-content\/uploads\/2023\/09\/WhatsApp-Image-2023-09-13-at-12.19.38-768x768.jpeg 768w, https:\/\/www.assof.com.br\/ASSOF\/wp-content\/uploads\/2023\/09\/WhatsApp-Image-2023-09-13-at-12.19.38-1536x1536.jpeg 1536w, https:\/\/www.assof.com.br\/ASSOF\/wp-content\/uploads\/2023\/09\/WhatsApp-Image-2023-09-13-at-12.19.38.jpeg 1600w\" sizes=\"auto, (max-width: 1024px) 100vw, 1024px\" \/><\/figure>\n<\/div>","protected":false},"excerpt":{"rendered":"<p>CONV\u00caNIO ASSOF-SESC \u00c9 com grande alegria que anunciamos uma nova parceria para os associados da ASSOF! Agora, temos o honra de contar com o SESC SENAC como nosso mais novo conv\u00eanio. Desfrute de uma ampla gama de benef\u00edcios e oportunidades nas \u00e1reas de lazer, cultura, educa\u00e7\u00e3o e muito mais. Aproveite essa parceria exclusiva e desfrute [&hellip;]<\/p>\n","protected":false},"author":1,"featured_media":0,"parent":0,"menu_order":0,"comment_status":"closed","ping_status":"closed","template":"elementor_canvas","meta":{"footnotes":""},"class_list":["post-29","page","type-page","status-publish","hentry"],"_links":{"self":[{"href":"https:\/\/www.assof.com.br\/ASSOF\/index.php?rest_route=\/wp\/v2\/pages\/29","targetHints":{"allow":["GET"]}}],"collection":[{"href":"https:\/\/www.assof.com.br\/ASSOF\/index.php?rest_route=\/wp\/v2\/pages"}],"about":[{"href":"https:\/\/www.assof.com.br\/ASSOF\/index.php?rest_route=\/wp\/v2\/types\/page"}],"author":[{"embeddable":true,"href":"https:\/\/www.assof.com.br\/ASSOF\/index.php?rest_route=\/wp\/v2\/users\/1"}],"replies":[{"embeddable":true,"href":"https:\/\/www.assof.com.br\/ASSOF\/index.php?rest_route=%2Fwp%2Fv2%2Fcomments&post=29"}],"version-history":[{"count":69,"href":"https:\/\/www.assof.com.br\/ASSOF\/index.php?rest_route=\/wp\/v2\/pages\/29\/revisions"}],"predecessor-version":[{"id":9246,"href":"https:\/\/www.assof.com.br\/ASSOF\/index.php?rest_route=\/wp\/v2\/pages\/29\/revisions\/9246"}],"wp:attachment":[{"href":"https:\/\/www.assof.com.br\/ASSOF\/index.php?rest_route=%2Fwp%2Fv2%2Fmedia&parent=29"}],"curies":[{"name":"wp","href":"https:\/\/api.w.org\/{rel}","templated":true}]}}